 h**2 - h + 1. Let z be g(4). Let t = z + -2. Does 9 divide t?
False
Let r be (-10)/(-4)*220/25. Let a = r - 31. Let p = 1 - a. Is p a multiple of 6?
False
Suppose 6*j - 5*q - 277 = 2*j, -j = -q - 68. Is j a multiple of 29?
False
Suppose 4*s = -2*u - 4, -2*u + 0*u - 4 = -5*s. Let g be (1 + 1)*21/14. Suppose s = -g*w + 5*w - 104. Is w a multiple of 26?
True
Let k = -7 + 7. Suppose -5*z + 436 - 81 = k. Is z a multiple of 31?
False
Let i(w) = -w**3 + 5*w**2 + 3*w - 2. Let h be i(5). Suppose 0 = 3*l - 2*k - h, 4 = l - 3*k + 2*k. Suppose l*a - 10 = 65. Does 11 divide a?
False
Let u be (-2 + 2)*1 + 4. Suppose -i + 2*m = 6*m - 16, 0 = 5*i + u*m - 32. Suppose j - 4*p = 5, -i*p + 36 = 3*j + 5. Does 8 divide j?
False
Let l(k) = k**2 + 10*k + 2. Suppose o + 5 = -4. Let i be l(o). Let m(f) = -f**2 - 8*f + 5. Is 8 a factor of m(i)?
False
Let h(i) = i**3 + 5*i**2 - 2*i - 3. Does 14 divide h(-4)?
False
Let j(d) = 13*d - 2. Let y be j(1). Let o = y + 20. Is o a multiple of 19?
False
Suppose -6*m + 8 = -2*m. Suppose 66 = 4*g - m*g. Is g a multiple of 11?
True
Let a(z) = -z**2 + 8*z + 5. Let q be a(7). Does 32 divide q/66 + 2746/22?
False
Suppose 5*w = 3*r - 17, -4*r + 9*r = 2*w + 22. Let g(v) = -v + 5. Let j be g(6). Does 16 divide 111/3 + (j - w)?
False
Suppose 2*w - 64 = 4*k, -4*w - 4*k - 22 = -90. Is 9 a factor of w?
False
Let g = -8 - -8. Let i be 2/8 + 50/(-8). Does 2 divide g/i + 1*3?
False
Suppose -p - 180 = -3*p. Let l be (p/(-25))/((-2)/10). Suppose q = -j + l, 4*q + 24 = 2*j + 96. Is 18 a factor of q?
True
Let a = -5 + 8. Suppose 2*x = -a*j - x + 99, 2*j - x = 54. Let b = j - 16. Does 10 divide b?
False
Suppose 2*k - 3*k + 1 = 0. Let z be (2 - (k - -1)) + 30. Suppose 6*c - 3*c = z. Is 10 a factor of c?
True
Let j be 8/6*(-9)/(-6). Suppose 0 = -2*b + j*x - 10, -1 = -x - 0*x. Let f = 12 + b. Is f a multiple of 4?
True
Suppose 5 + 3 = 4*w. Suppose 1 = -2*z + 5, 0 = 3*n - w*z - 8. Suppose n*g - 30 = -g. Is 4 a factor of g?
False
Let l(f) = -4 + 2*f**2 + 2 + f**2 - 3*f**3 - 4*f + 3*f. Let n be l(2). Let w = n + 24. Is w a multiple of 5?
False
Suppose 0 = 2*p - 0*p. Suppose -3*d + 7*d + v - 158 = 0, -3*d + 5*v + 130 = p. Does 15 divide d?
False
Let p(l) = -l**3 - l. Let n be p(-1). Suppose z = -3*h + 140, z + 4*z = -n*h + 76. Is h a multiple of 12?
True
Let p = 9 - 2. Let q = p - 5. Suppose c = -5*j - q*c + 51, 4*j + c - 45 = 0. Is 6 a factor of j?
True
Let g = -20 - -46. Is 24 a factor of g?
False
Let d(b) = 7*b**2 - 9*b - 8. Let v(l) = l**2 - l - 1. Let y(f) = d(f) - 6*v(f). Let m be y(-2). Is 7 a factor of (-4)/16 + 58/m?
True
Let i = -45 - -65. Is i a multiple of 20?
True
Let f be ((-24)/(-18))/(2/(-6)). Let w be f/6*(-33)/2. Let a = 25 - w. Is a a multiple of 14?
True
Let n(i) = -13*i - 1. Let u be n(-1). Suppose u - 136 = -2*c. Is c a multiple of 21?
False
Suppose -5*p + 0*m = 5*m - 335, 0 = 3*m - 12. Is 23 a factor of p?
False
Let b(x) = x**3 + 4*x**2 + 4*x - 4 + 0*x**3 - 2*x**3. Is 5 a factor of b(4)?
False
Let c(k) = k + 1. Let u be c(3). Suppose -5*h + 5*o + 50 = 0, -2*h = -7*h - o + 38. Suppose -d = 3*q - 15, 0 = 2*d - 3*d + u*q + h. Is 4 a factor of d?
True
Suppose -2*o + 8 - 4 = 0. Suppose -5*n + 56 = o*b + 16, 0 = 5*b + 2*n - 58. Does 5 divide b?
True
Suppose 4*w = -4*o + 12, 5*w = o - 23 + 8. Suppose 59 = 2*k - 133. Suppose -v - k = -o*v. Does 13 divide v?
False
Let c = 9 - -19. Is 16 a factor of c?
False
Let o(z) = -12*z - 22. Is 18 a factor of o(-12)?
False
Suppose 0 = p - 1, -l = 2*l + 5*p + 10. Let s be 4 + l + 3*5. Suppose 3*k - s - 46 = 0. Is 9 a factor of k?
False
Suppose 2 = w + 5. Does 2 divide -1 + 4 - w*1?
True
Let h(o) = o**2 + 9*o - 5. Let w be h(-9). Let x be (2/w)/((-2)/20). Suppose -y - 5*v = 2 - 29, x*y = 4*v + 132. Is 11 a factor of y?
False
Let d(k) = 5*k - 15. Is d(5) a multiple of 5?
True
Let c(j) = -11*j + 11. Does 66 divide c(-17)?
True
Let v = 11 - 6. Suppose 3*y = v*j - 32, -j + 5*y + 40 = 4*j. Suppose -2*d + 6 = r - 6, -j*r + 53 = 3*d. Does 14 divide r?
True
Suppose 6*g - g = 270. Let x be (18 - -2) + 1*-1. Suppose g = r + x. Does 12 divide r?
False
Let d = 18 - 30. Let f = d + 30. Is 6 a factor of f?
True
Let z(s) = -2 - s + 7*s + s. Is z(5) a multiple of 9?
False
Suppose 5*i - 16 = -o, 2*o + o = 5*i - 32. Suppose -i*k + 332 = -0*k. Does 26 divide k?
False
Let s be ((-1)/3)/(1/(-3)). Let u(p) = p - 1. Let f(i) = 2*i + 9. Let o(t) = s*f(t) - 3*u(t). Is 4 a factor of o(0)?
True
Suppose -3*w + 2*w - 4 = 0. Let i(o) = o**2 + 3*o - 4. Let r be i(w). Let j(a) = -a**2 + a + 5. Is 2 a factor of j(r)?
False
Suppose -m = m + 2. Does 3 divide (-55)/(-22) - m/2?
True
Let k(r) = -r**3 - 8*r**2 + r. Let l(z) = z - 8. Let p be l(0). Let q be k(p). Let f = 7 - q. Is 15 a factor of f?
True
Is ((-60)/(-50))/(2/210) a multiple of 14?
True
Is (-126)/(-7)*64/6 a multiple of 24?
True
Let p(v) = -2*v + 10. Let b be p(9). Let u be (b/6)/(2/9). Let n = u + 27. Does 12 divide n?
False
Let m(q) = 17*q. Let f be m(3). Suppose f = g - 2*p, g - 2*p = -2*g + 133. Is 14 a factor of g?
False
Let y(c) = c**3 + 6*c**2 + 4*c + 3. Let q be y(-3). Let f = q - -6. Suppose f = 4*a - 2*p, 4*p + 6 = 3*a - a. Is a a multiple of 7?
True
Suppose -16 = -4*o - 2*b, -6*b = 2*o - b. Suppose 1 = -s + o. Is s a multiple of 2?
True
Suppose r + 48 = -20. Let a = -42 - r. Does 17 divide a?
False
Suppose -z + 4*r + 18 = -124, 4*r = -5*z + 614. Is z a multiple of 21?
True
Suppose -2*y = 4*d - 428, 0 = 3*y + 3*d - 548 - 82. Is y a multiple of 54?
False
Let k = 10 + -19. Let m = k - -3. Is ((-16)/m)/(1/6) a multiple of 15?
False
Suppose 0 = -2*z + z + 6. Is 23 a factor of (1005/z)/5*2?
False
Let f(z) = 7*z**2 + 2*z - 2. Let q be f(-2). Let o be (-636)/(-18) - 2/6. Let v = o - q. Does 10 divide v?
False
Let a(n) = n**2 + 6. Let h be a(-5). Let o = 70 - h. Does 11 divide o?
False
Suppose -s = z - 2*z, 3*z = 4*s. Let n(r) = -9 + 2*r + z*r + 4*r. Does 12 divide n(6)?
False
Suppose 0 = 4*m + q - 37, 0 = m - q + 3*q - 4. Is m a multiple of 5?
True
Let x be (-3)/(-1 + 0) - 0. Let s be -5*((-48)/(-3))/(-4). Suppose 0 = -i - x*i + s. Does 4 divide i?
False
Suppose u + 3*u = s - 7, 2*s - 4*u = 2. Let p(f) = f**2 + 2*f + 3. Is p(s) a multiple of 9?
True
Suppose -2*g + 28 + 36 = 0. Is 16 a factor of g?
True
Let r(o) = -o**3 + o**2 - 14*o - 36. Is 32 a factor of r(-6)?
False
Let z(g) = g**2 + 0 - 4*g**2 - 2*g**3 - 2 + g. Is 11 a factor of z(-3)?
True
Suppose -448 = 3*c + c. Let s = c - -182. Let g = s + -38. Does 16 divide g?
True
Let m be 1/(-5) - (-11)/5. Does 17 divide (4 - m)/(2/34)?
True
Suppose -5*l + 17 = -4*l + c, 5*l + 4*c = 90. Is 854/l + 8/44 a multiple of 13?
True
Is 13 a factor of 392/18 - 18/(-81)?
False
Let j(t) = 6 + 0*t - 4 + 6*t + 6. Is j(8) a multiple of 19?
False
Let q be -1*1*(-100 + -1). Let w = -64 + q. Is 10 a factor of w?
False
Let y(j) = j**2 - 13*j + 27. Does 39 divide y(18)?
True
Let i(m) be the second derivative of m**4/12 - m**3/3 + 3*m**2/2 + 6*m. Is 6 a factor of i(5)?
True
Let o(t) = -2*t - 2. Does 10 divide o(-6)?
True
Suppose 0*r + 16*r - 2000 = 0. Does 25 divide r?
True
Suppose g = 5*g + 584. Let s = -57 - g. Suppose 0 = -4*h + 5*t + s, -t - 84 = -3*h - 3*t. Does 13 divide h?
True
Let n(i) = -44*i + 28. Let x(l) = -6*l + 3 + 3*l - 2*l. Let o(u) = -6*n(u) + 56*x(u). Is 8 a factor of o(-1)?
True
Let p = 41 + 10. Is p a multiple of 17?
True
Let v(o) = 16*o + 11. Let c(q) = 48*q + 34. Let d(y) = 5*c(y) - 16*v(y). Is d(-4) a multiple of 29?
True
Let w = -25 + 42. Does 6 divide w?
False
Suppose -4*y = o - 17, -2*y = -3*y + 4*o - 17. Let a be (101 - -3)*(-2)/(-4). Suppose y*v = -v + a. Is v a multiple of 7?
False
Is 41 a factor of (574/(-4))/(-7)*2?
True
Let m(x) = x**3 - 6*x**2 + 3*x - 5. Suppose 0 = 5*i + 5*q - 30, 2*i + 0*i + 5*q = 15. Suppose 2*r = 4, 4*z - r - 17 = i. Does 12 divide m(z)?
False
Let a be 0*(-1)/(-2) + 150. Suppose -5*r = 3*i - 6 - 8, 0 = 3*r - 5*i - 22. Suppose a = r*n - 2*z, -3*n - z + 115 = -5*z. Is n a multiple of 15?
False
Suppose 5*s + 3*b = 7*b + 304, 3*s - b - 181 = 0. Is 12 a factor of s?
True
Let d be ((-6)/9)/((-2)/12). Suppose 0 = 5*j - d*j - 53. Is 25 a factor of j?
False
Does 22 divide 88*(-6)/(48/(-10))?
True
Let k be (1/3)/(3/3195). Suppose 4*j + k = 5*b, -b = -j - 34 - 38. Is 12 a factor of b?
False
Suppose 2*z = 4